{"id":137,"date":"2026-04-14T04:51:23","date_gmt":"2026-04-14T04:51:23","guid":{"rendered":"https:\/\/360sport.com.vn\/?page_id=137"},"modified":"2026-04-14T06:33:44","modified_gmt":"2026-04-14T06:33:44","slug":"lien-he","status":"publish","type":"page","link":"https:\/\/360sport.com.vn\/?page_id=137","title":{"rendered":"Li\u00ean h\u1ec7"},"content":{"rendered":"\n\t<section class=\"section\" id=\"section_1742367014\">\n\t\t<div class=\"section-bg fill\" >\n\t\t\t\t\t\t\t\t\t\n\t\t\t\n\n\t\t<\/div>\n\n\t\t\n\n\t\t<div class=\"section-content relative\">\n\t\t\t\n\t<div class=\"img has-hover x md-x lg-x y md-y lg-y\" id=\"image_1095835821\">\n\t\t\t\t\t\t\t\t<div class=\"img-inner dark\" >\n\t\t\t<img loading=\"lazy\" decoding=\"async\" width=\"2560\" height=\"667\" src=\"https:\/\/360sport.com.vn\/wp-content\/uploads\/2026\/04\/lien-he-min-scaled-1.jpg\" class=\"attachment-original size-original\" alt=\"\" srcset=\"https:\/\/360sport.com.vn\/wp-content\/uploads\/2026\/04\/lien-he-min-scaled-1.jpg 2560w, https:\/\/360sport.com.vn\/wp-content\/uploads\/2026\/04\/lien-he-min-scaled-1-300x78.jpg 300w, https:\/\/360sport.com.vn\/wp-content\/uploads\/2026\/04\/lien-he-min-scaled-1-1024x267.jpg 1024w, https:\/\/360sport.com.vn\/wp-content\/uploads\/2026\/04\/lien-he-min-scaled-1-768x200.jpg 768w, https:\/\/360sport.com.vn\/wp-content\/uploads\/2026\/04\/lien-he-min-scaled-1-1536x400.jpg 1536w, https:\/\/360sport.com.vn\/wp-content\/uploads\/2026\/04\/lien-he-min-scaled-1-2048x534.jpg 2048w, https:\/\/360sport.com.vn\/wp-content\/uploads\/2026\/04\/lien-he-min-scaled-1-600x156.jpg 600w\" sizes=\"auto, (max-width: 2560px) 100vw, 2560px\" \/>\t\t\t\t\t\t\n\t\t\t\t\t<\/div>\n\t\t\t\t\t\t\t\t\n<style>\n#image_1095835821 {\n  width: 100%;\n}\n<\/style>\n\t<\/div>\n\t\n\t\t<\/div>\n\n\t\t\n<style>\n#section_1742367014 {\n  padding-top: 0px;\n  padding-bottom: 0px;\n}\n<\/style>\n\t<\/section>\n\t\n\n\t<section class=\"section\" id=\"section_1021447163\">\n\t\t<div class=\"section-bg fill\" >\n\t\t\t\t\t\t\t\t\t\n\t\t\t\n\n\t\t<\/div>\n\n\t\t\n\n\t\t<div class=\"section-content relative\">\n\t\t\t\n<div class=\"row\"  id=\"row-251686432\">\n\n\t<div id=\"col-147529640\" class=\"col medium-5 small-12 large-5\"  >\n\t\t\t\t<div class=\"col-inner\"  >\n\t\t\t\n\t\t\t\n\n<div class=\"contact-info-block\">\n<h2 class=\"contact-info-title\">LI\u00caN H\u1ec6<\/h2>\n<div class=\"contact-info-content\">\n<p><strong>\u0110\u1ecba ch\u1ec9:<\/strong> S\u1ed1 46 Ph\u1ed1 Nguy\u1ec5n L\u00e2n, Ph\u01b0\u1eddng Ph\u01b0\u01a1ng Li\u1ec7t, Qu\u1eadn Thanh Xu\u00e2n, TP H\u00e0 N\u1ed9i.<\/p>\n<p><strong>Hotline:<\/strong> 0913 698 588<\/p>\n<p><strong>Website:<\/strong> 360sport.com.vn<\/p>\n<p><strong>Email:<\/strong> info@360sport.com.vn<\/p>\n<h3 class=\"contact-follow-title\">THEO D\u00d5I CH\u00daNG T\u00d4I<\/h3>\n<\/p><\/div>\n<\/div>\n\n\t\t<\/div>\n\t\t\t\t\t<\/div>\n\n\t\n\n\t<div id=\"col-1680731753\" class=\"col medium-7 small-12 large-7\"  >\n\t\t\t\t<div class=\"col-inner\"  >\n\t\t\t\n\t\t\t\n\n<div class=\"contact-form-custom\">\n<h2 class=\"contact-form-title\">LI\u00caN H\u1ec6 V\u1edaI CH\u00daNG T\u00d4I<\/h2>\n<p class=\"contact-form-desc\">G\u1eedi th\u00f4ng tin li\u00ean h\u1ec7 \u0111\u1ec3 \u0111\u01b0\u1ee3c t\u01b0 v\u1ea5n v\u00e0 gi\u1ea3i \u0111\u00e1p th\u1eafc m\u1eafc<\/p>\n<form class=\"contact-form-grid\">\n<div class=\"form-group\">\n            <label for=\"cf-name\">T\u00ean<\/label><br \/>\n            <input type=\"text\" id=\"cf-name\" name=\"name\" placeholder=\"Nh\u1eadp t\u00ean...\">\n        <\/div>\n<div class=\"form-group\">\n            <label for=\"cf-phone\">S\u1ed1 \u0111i\u1ec7n tho\u1ea1i<\/label><br \/>\n            <input type=\"text\" id=\"cf-phone\" name=\"phone\" placeholder=\"Nh\u1eadp s\u1ed1 \u0111i\u1ec7n tho\u1ea1i...\">\n        <\/div>\n<div class=\"form-group\">\n            <label for=\"cf-email\">Email<\/label><br \/>\n            <input type=\"email\" id=\"cf-email\" name=\"email\" placeholder=\"abc@gmail.com\">\n        <\/div>\n<div class=\"form-group\">\n            <label for=\"cf-address\">\u0110\u1ecba ch\u1ec9<\/label><br \/>\n            <input type=\"text\" id=\"cf-address\" name=\"address\" placeholder=\"Nh\u1eadp \u0111\u1ecba ch\u1ec9...\">\n        <\/div>\n<div class=\"form-group full-width\">\n            <label for=\"cf-message\">N\u1ed9i dung<\/label><br \/>\n            <textarea id=\"cf-message\" name=\"message\" rows=\"6\" placeholder=\"Nh\u1eadp n\u1ed9i dung...\"><\/textarea>\n        <\/div>\n<div class=\"form-group full-width\">\n            <button type=\"submit\" class=\"contact-submit-btn\">G\u1eecI<\/button>\n        <\/div>\n<\/p><\/form>\n<\/div>\n\n\t\t<\/div>\n\t\t\t\t\t<\/div>\n\n\t\n<\/div>\n\t\t<\/div>\n\n\t\t\n<style>\n#section_1021447163 {\n  padding-top: 30px;\n  padding-bottom: 30px;\n}\n<\/style>\n\t<\/section>\n\t\n","protected":false},"excerpt":{"rendered":"","protected":false},"author":1,"featured_media":0,"parent":0,"menu_order":0,"comment_status":"closed","ping_status":"closed","template":"page-blank.php","meta":{"inline_featured_image":false,"footnotes":""},"class_list":["post-137","page","type-page","status-publish","hentry"],"_links":{"self":[{"href":"https:\/\/360sport.com.vn\/index.php?rest_route=\/wp\/v2\/pages\/137","targetHints":{"allow":["GET"]}}],"collection":[{"href":"https:\/\/360sport.com.vn\/index.php?rest_route=\/wp\/v2\/pages"}],"about":[{"href":"https:\/\/360sport.com.vn\/index.php?rest_route=\/wp\/v2\/types\/page"}],"author":[{"embeddable":true,"href":"https:\/\/360sport.com.vn\/index.php?rest_route=\/wp\/v2\/users\/1"}],"replies":[{"embeddable":true,"href":"https:\/\/360sport.com.vn\/index.php?rest_route=%2Fwp%2Fv2%2Fcomments&post=137"}],"version-history":[{"count":5,"href":"https:\/\/360sport.com.vn\/index.php?rest_route=\/wp\/v2\/pages\/137\/revisions"}],"predecessor-version":[{"id":144,"href":"https:\/\/360sport.com.vn\/index.php?rest_route=\/wp\/v2\/pages\/137\/revisions\/144"}],"wp:attachment":[{"href":"https:\/\/360sport.com.vn\/index.php?rest_route=%2Fwp%2Fv2%2Fmedia&parent=137"}],"curies":[{"name":"wp","href":"https:\/\/api.w.org\/{rel}","templated":true}]}}